4*d + 2*q + 225, v*q = 0. What is the units digit of d?
5
Suppose -23*f - 5*r - 1264 = -26*f, 5*f + r - 2116 = 0. What is the tens digit of f?
2
Let v = 2849 + -1000. What is the tens digit of v?
4
Let d(a) = a**3 + 13*a**2 - 23. What is the tens digit of d(-6)?
2
Let m = 94 + -92. What is the units digit of (4/(-4) + 2)*m?
2
Suppose 0 = 2*b + 2 - 0. Let r(j) = -43*j**3 - 3*j**2 - 3*j - 1. What is the tens digit of r(b)?
4
Let i = 37 + -25. Let z be 0 + -3 - i/(-12). Let k(u) = -8*u**3 - u**2 - u - 1. What is the units digit of k(z)?
1
Let f(u) = u**3 - 5*u**2 + 4*u + 10. Let t be f(7). Let c = 218 - t. What is the units digit of c?
2
Let h = 1274 - 35. What is the units digit of h?
9
Let o = 1477 + -251. What is the units digit of o?
6
Let h be 105/6*(-4)/(-5). What is the hundreds digit of ((-1)/(h/35))/((-1)/122)?
3
Let u be (-24)/6 - (1 - 2). What is the units digit of (3/u)/(1/(-71))?
1
Let d be (-2)/(-1)*5/5. Suppose -2*j = d*w - 104, 0*w + 5*w = -3*j + 148. What is the tens digit of j?
5
Suppose 28*h = 9*h + 27265. What is the units digit of h?
5
What is the units digit of 30/120 - (-1180)/16?
4
Let q(i) = i**3 + 10*i**2 - 2*i + 10. Let n be q(-10). Suppose o + 4*o + 4*u + 41 = 0, -2*o - 5*u - n = 0. What is the tens digit of 50/5*o/(-1)?
5
Let f = -52 - -44. Let n(j) = -9*j + 1. What is the units digit of n(f)?
3
Let g(s) = 3*s - 15. Let d be g(8). Suppose 0 = -4*b - d - 39. Let w(p) = -p**2 - 18*p - 16. What is the tens digit of w(b)?
5
Suppose -462 = -5*j + q + 452, -2*j + q + 368 = 0. What is the tens digit of j?
8
Let s = -5 - 2. Let v = -20 - s. Let t = v + 22. What is the units digit of t?
9
Let s(r) = -r**3 + 28*r**2 + 56*r - 11. What is the hundreds digit of s(29)?
7
Suppose 7*z - 9 = 4*z. Let g(f) = -4 - 2*f + 5*f + 4. What is the units digit of g(z)?
9
Let f(v) = -8 + 3*v + 5*v**2 - 11*v - 2*v**3 + 3*v**3 + 0*v**2. Let c be f(-6). Suppose -3*q + 0*q = -b - 1, -c*q - 12 = -4*b. What is the units digit of b?
5
Let v = -4 - -9. Suppose 0 = -3*k - 15, -4*z - k - v = -32. Suppose -o + 6 + z = 0. What is the tens digit of o?
1
Suppose -d = 5*n + 12, -2*d - 4*n + 32 = 2*d. What is the units digit of ((-2)/7)/(d/(-364))?
8
Let w(l) = 2*l - 13. Let a be w(6). Let b be (a + -1)/(24/12). What is the units digit of ((-1)/b - -7)/2?
4
Let i be 1908/16 - 5/20. Suppose 10*j + i = 17*j. What is the tens digit of j?
1
What is the units digit of 1*(-11182)/(-5) - (-48)/(-120)?
6
Let c be (5/(10/(-8)))/2. Let n be (c/2)/((-10)/20). Suppose -n*x + 6*x = -5*q + 179, 104 = 3*q - x. What is the units digit of q?
5
Suppose -2*k - 4*j + j = -49, 108 = 4*k - 4*j. Suppose 278 + k = 4*w. Suppose 4*m = -2*u - 2*u + w, -m = -5*u - 43. What is the tens digit of m?
2
Let r(t) be the first derivative of t**3/6 + 12*t**2 + t + 2. Let n(a) be the first derivative of r(a). What is the tens digit of n(0)?
2
Suppose 2*u - 4*v = 4, -3*u + v + 0*v = -11. Suppose -2*j + 384 = u*j. What is the units digit of j?
4
Let k(l) = -l + 1. Let c be k(0). Let t be 4/((6 - 5) + -1 + 2). Suppose t*d - 15 = -5*g + c, 24 = 3*d + 5*g. What is the units digit of d?
8
Let u(h) = -h**3 - 4*h**2 + 4*h - 5. Let w be u(-5). Suppose 5*f + 20 = w, 4*c - 8*c + 2*f + 640 = 0. Suppose -3*y + c - 41 = 0. What is the units digit of y?
9
Let n(t) = -9*t + 9. Let a be n(-4). Suppose u = -4*u - a. Let v = 27 + u. What is the tens digit of v?
1
Let n = 6 - 34. Let z = n + 88. What is the units digit of z?
0
Let q = 5851 - 3947. What is the tens digit of q?
0
Suppose -5*r + 217 = -3*b, -4*r + 150 + 6 = 2*b. What is the tens digit of r?
4
Suppose 64*t + 171339 = 105*t. What is the tens digit of t?
7
Let k(i) = 10*i**3 + 2*i**2 - 11*i - 1. What is the hundreds digit of k(5)?
2
Let o(n) = n**3 - 11*n**2 + 9*n. Let k be o(6). Let r(l) = l**3 + 7*l - 3. Let j be r(6). What is the tens digit of (-1)/(j/k + 2)?
4
What is the tens digit of ((-9)/(-6))/(6*(-13)/(-140296))?
9
Let v(h) = h**2 - 14*h + 17. Let x be 39/6*(0 - -2). Let l be v(x). Suppose a - k - 24 = 0, -3*a - l*k = -0*a - 107. What is the tens digit of a?
2
What is the units digit of 10/65 + 25606/26?
5
Let v(j) = -1 + 0*j**3 - 5*j**3 + 2*j**2 + 4*j**3 - 3*j + 6*j. What is the tens digit of v(-3)?
3
Let j = 18 - 16. Let f(i) = -j*i**2 + 0*i**2 + i**3 + 5*i - 2*i. What is the tens digit of f(4)?
4
Let k be (-45)/30 + 1 + (-1122)/(-4). What is the units digit of 0 + k + -1 - 2?
7
Let l be ((-15)/(-6))/(4/80). Suppose -j = -y - 5*j + 9, 9 = 2*y - j. Let d = y + l. What is the tens digit of d?
5
Let p(j) = -j**3 - 33*j**2 + 55*j + 196. What is the units digit of p(-35)?
1
Suppose -3*r + 109*i + 17076 = 108*i, -4*i = 4*r - 22752. What is the units digit of r?
1
Let w(i) = i**3 + 6*i**2 + 6*i + 8. Let j be w(-5). Suppose 2*a = -3*p + 16, 0 = a + j*p - 0*p - 11. What is the units digit of a?
5
Let f be (-36)/(-20) + 2/10. Suppose f*x - 5 = 3. Suppose 0 = x*j + u - 29, 0 = 6*j - 3*j - 3*u - 3. What is the units digit of j?
6
Let j(t) = -t**2 - 7*t + 10. Let a be j(-8). Suppose 5 = 3*z + a. What is the units digit of -1*(-35 - (1 - z))?
5
What is the units digit of (-48)/(-14) - 4 - (-6322)/14?
1
Let j = -187 - -364. Let b = j - 107. What is the units digit of b?
0
Suppose 0*q = -5*q + 340. Suppose -4*i = -q + 4. Suppose 2*s = -2*s + i. What is the units digit of s?
4
Suppose p - 5*p + 268 = 5*f, -f - 292 = -4*p. Let z(v) = v**3 + 4*v**2 + 3*v - 6. Let y be z(-5). Let j = y + p. What is the units digit of j?
6
Let l(m) = 13*m**3 + 55*m**2 + 23*m + 20. Let k(g) = -9*g**3 - 37*g**2 - 15*g - 13. Let d(v) = 7*k(v) + 5*l(v). What is the tens digit of d(-6)?
9
Let n = 10981 - 6326. What is the units digit of n?
5
Suppose -2*x - 2 = 0, 3*m + 0 = -3*x - 6. Let n(s) be the third derivative of 13*s**5/20 - s**4/12 - s**3/3 - s**2 - 74*s. What is the units digit of n(m)?
9
Suppose l - 2*k = 5*l - 884, -4*k + 653 = 3*l. What is the units digit of l?
3
Let b = -13 + 18. Suppose b*j - 305 = -5*k, 2*j - 234 = -2*j - 2*k. What is the tens digit of j?
5
Let d(l) = -502*l - 127. What is the tens digit of d(-8)?
8
Let d be ((-39)/65)/(2/(-110)). Suppose -t + d = -78. What is the tens digit of t?
1
Let r(c) = c**2 - 16*c + 21. Let n be r(15). Suppose n*z + 113 = 7*z. What is the hundreds digit of z?
1
Let o be 2/5*(134 - -1). Suppose -o = -4*v + 2*v. What is the tens digit of v?
2
Let s be (-7 + 1/1)*2/(-4). Suppose -5*v - 3*c + 1034 = 0, 7*c = -2*v + s*c + 422. What is the units digit of v?
5
Let z be (12/9)/((-6)/(-18)). Suppose 0*c = -2*r - 2*c, z*r - c = 0. Suppose 5*k - 9*k + 252 = r. What is the tens digit of k?
6
Suppose -24*l + 439 = 2*r - 23*l, r - 2*l = 212. What is the units digit of r?
8
Let x be 12*(4 - (-3)/(-1)). Let h = 14 - x. Suppose h*w = w + 49. What is the tens digit of w?
4
Let j(r) = r**2 - r + 660. What is the tens digit of j(0)?
6
Suppose 3*z + 6906 = -13*o + 18*o, 2*o + 2*z = 2772. What is the tens digit of o?
8
Let l(f) be the third derivative of f**5/20 - f**4/12 - f**3 + 12*f**2. What is the units digit of l(4)?
4
Let f(p) = -p**3 + 14*p**2 - 12*p - 8. Let v be f(13). Suppose -3*z - v*h + 92 = 0, h + 4*h + 111 = 4*z. What is the tens digit of z?
2
Let n(x) = -x**3 + 9*x**2 - 6*x - 2. Let g be n(8). Let y(k) = -2*k - 6*k**2 + 1 - 6*k**2 + 4*k**3 + g*k**2. What is the units digit of y(1)?
5
Let p = -14 - -24. Suppose b = -0*b + p. Let y = 11 - b. What is the units digit of y?
1
Let j(b) be the first derivative of -b**3/3 + b**2/2 + 167*b - 37. What is the hundreds digit of j(0)?
1
Let p(h) = -h**3 + 7*h**2 + 2*h - 4. Let m be p(3). Suppose -x = -0*x - m. What is the units digit of x - ((-6)/2 - -3)?
8
Let i(s) = -s**3 + 16*s**2 + 8*s + 18. Let n be i(15). Suppose -2*j + n = -3*y, 1 = j - y - 179. What is the units digit of j?
7
Let h(b) = 28*b**2 - 56*b + 570. What is the tens digit of h(12)?
3
Let x be 2 + 7 + (-7 - -4). Suppose 2*k + 11 + 13 = 0. What is the tens digit of (x - 0)/(k/(-88))?
4
Suppose u = -12*z + 8*z + 8936, 3*z = 2*u + 6691. What is the hundreds digit of z?
2
Let y = -1 + 9. Suppose y*p - 300 = 3*p. What is the units digit of p?
0
Let u be 4/10 + 3614/65. Let h be (64/u)/(4/14). Suppose -2*n - n = 5*w - 237, -h*w - n + 184 = 0. What is the units digit of w?
5
Let f be 2 - 10/1*-1. Suppose -f = -2*k - 4. Suppose -k*u + 17 =